e factors of 642?
2, 3, 107
List the prime factors of 600.
2, 3, 5
List the prime factors of 8035.
5, 1607
List the prime factors of 2124.
2, 3, 59
What are the prime factors of 31088?
2, 29, 67
List the prime factors of 26763.
3, 11, 811
List the prime factors of 24829.
7, 3547
What are the prime factors of 39?
3, 13
What are the prime factors of 456?
2, 3, 19
List the prime factors of 78358.
2, 7, 29, 193
List the prime factors of 3784.
2, 11, 43
What are the prime factors of 2351?
2351
What are the prime factors of 3326?
2, 1663
What are the prime factors of 1850?
2, 5, 37
List the prime factors of 337.
337
List the prime factors of 117493.
293, 401
List the prime factors of 160.
2, 5
What are the prime factors of 16092?
2, 3, 149
List the prime factors of 552.
2, 3, 23
List the prime factors of 1822.
2, 911
What are the prime factors of 199513?
131, 1523
List the prime factors of 5376.
2, 3, 7
What are the prime factors of 1112?
2, 139
What are the prime factors of 69024?
2, 3, 719
What are the prime factors of 1021?
1021
List the prime factors of 44363.
11, 37, 109
What are the prime factors of 1189?
29, 41
What are the prime factors of 23252?
2, 5813
List the prime factors of 8560.
2, 5, 107
List the prime factors of 2826.
2, 3, 157
List the prime factors of 334.
2, 167
List the prime factors of 29887.
11, 13, 19
What are the prime factors of 17292?
2, 3, 11, 131
List the prime factors of 4997.
19, 263
List the prime factors of 809.
809
What are the prime factors of 1105?
5, 13, 17
List the prime factors of 1670.
2, 5, 167
List the prime factors of 2197.
13
List the prime factors of 42323.
42323
What are the prime factors of 28688?
2, 11, 163
List the prime factors of 9467.
9467
What are the prime factors of 327?
3, 109
What are the prime factors of 813?
3, 271
List the prime factors of 27080.
2, 5, 677
What are the prime factors of 14298?
2, 3, 2383
List the prime factors of 147051.
3, 16339
What are the prime factors of 5811?
3, 13, 149
List the prime factors of 41561.
13, 23, 139
What are the prime factors of 679?
7, 97
List the prime factors of 1562.
2, 11, 71
List the prime factors of 58553.
11, 5323
List the prime factors of 4615.
5, 13, 71
List the prime factors of 13814.
2, 6907
What are the prime factors of 95501?
7, 1949
What are the prime factors of 318?
2, 3, 53
What are the prime factors of 835?
5, 167
What are the prime factors of 26736?
2, 3, 557
What are the prime factors of 750?
2, 3, 5
What are the prime factors of 9871?
9871
List the prime factors of 6550.
2, 5, 131
What are the prime factors of 3749?
23, 163
What are the prime factors of 3164?
2, 7, 113
List the prime factors of 106.
2, 53
What are the prime factors of 43?
43
What are the prime factors of 7711?
11, 701
List the prime factors of 16511.
11, 19, 79
List the prime factors of 4974.
2, 3, 829
What are the prime factors of 652?
2, 163
List the prime factors of 435.
3, 5, 29
List the prime factors of 57936.
2, 3, 17, 71
What are the prime factors of 1873?
1873
List the prime factors of 3776.
2, 59
List the prime factors of 6236.
2, 1559
List the prime factors of 11159.
11159
List the prime factors of 4749.
3, 1583
List the prime factors of 6013.
7, 859
What are the prime factors of 1649?
17, 97
What are the prime factors of 5617?
41, 137
What are the prime factors of 52107?
3, 11, 1579
What are the prime factors of 1102?
2, 19, 29
List the prime factors of 21986.
2, 10993
What are the prime factors of 17271?
3, 19, 101
What are the prime factors of 61899?
3, 47, 439
What are the prime factors of 47225?
5, 1889
What are the prime factors of 1743?
3, 7, 83
What are the prime factors of 3226?
2, 1613
List the prime factors of 5833.
19, 307
What are the prime factors of 1233?
3, 137
What are the prime factors of 328?
2, 41
What are the prime factors of 2238?
2, 3, 373
What are the prime factors of 7053?
3, 2351
What are the prime factors of 3398?
2, 1699
What are the prime factors of 11001?
3, 19, 193
What are the prime factors of 730?
2, 5, 73
What are the prime factors of 5626?
2, 29, 97
What are the prime factors of 431?
431
List the prime factors of 15918.
2, 3, 7, 379
What are the prime factors of 1266?
2, 3, 211
List the prime factors of 420.
2, 3, 5, 7
List the prime factors of 29874.
2, 3, 13, 383
What are the prime factors of 16299?
3, 1811
List the prime factors of 36313.
36313
List the prime factors of 686.
2, 7
What are the prime factors of 69700?
2, 5, 17, 41
List the prime factors of 2851.
2851
What are the prime factors of 9567?
3, 1063
What are the prime factors of 15639?
3, 13, 401
List the prime factors of 1845.
3, 5, 41
What are the prime factors of 7026?
2, 3, 1171
List the prime factors of 469.
7, 67
List the prime factors of 23209.
23209
What are the prime factors of 5386?
2, 2693
List the prime factors of 58324.
2, 7, 2083
What are the prime factors of 1258?
2, 17, 37
What are the prime factors of 264?
2, 3, 11
What are the prime factors of 15234?
2, 3, 2539
What are the prime factors of 3527?
3527
List the prime factors of 56730.
2, 3, 5, 31, 61
List the prime factors of 411.
3, 137
List the prime factors of 4624.
2, 17
List the prime factors of 44970.
2, 3, 5, 1499
List the prime factors of 420.
2, 3, 5, 7
What are the prime factors of 14031?
3, 1559
List the prime factors of 6490.
2, 5, 11, 59
What are the prime factors of 485?
5, 97
What are the prime factors of 52564?
2, 17, 773
List the prime factors of 24658.
2, 12329
List the prime factors of 2433.
3, 811
List the prime factors of 575.
5, 23
What are the prime factors of 116698?
2, 19, 37, 83
What are the prime factors of 11770?
2, 5, 11, 107
What are the prime factors of 20690?
2, 5, 2069
What are the prime factors of 28197?
3, 13, 241
What are the prime factors of 477?
3, 53
What are the prime factors of 6724?
2, 41
List the prime factors of 8362.
2, 37, 113
What are the prime factors of 2025?
3, 5
List the prime factors of 14182.
2, 7, 1013
List the prime factors of 214.
2, 107
What are the prime factors of 3226?
2, 1613
List the prime factors of 7223.
31, 233
List the prime factors of 93837.
3, 31, 1009
List the prime factors of 1015.
5, 7, 29
List the prime factors of 13558.
2, 6779
What are the prime factors of 3587?
17, 211
What are the prime factors of 1918?
2, 7, 137
List the prime factors of 357.
3, 7, 17
What are the prime factors of 12291?
3, 17, 241
List the prime factors of 1438.
2, 719
What are the prime factors of 455?
5, 7, 13
What are the prime factors of 3384?
2, 3, 47
What are the prime factors of 40652?
2, 10163
What are the prime factors of 2556?
2, 3, 71
What are the prime factors of 4206?
2, 3, 701
What are the prime factors of 498?
2, 3, 83
What are the prime factors of 119?
7, 17
What are the prime factors of 50034?
2, 3, 31, 269
List the prime factors of 62.
2, 31
What are the prime factors of 28381?
101, 281
List the prime factors of 1358.
2, 7, 97
What are the prime factors of 16647?
3, 31, 179
List the prime factors of 1297.
1297
What are the prime factors of 370?
2, 5, 37
List the prime factors of 226.
2, 113
What are the prime factors of 23430?
2, 3, 5, 11, 71
What are the prime factors of 142467?
3, 13, 281
What are the prime factors of 35976?
2, 3, 1499
List the prime factors of 15592.
2, 1949
List the prime factors of 23486.
2, 11743
What are the prime factors of 3845?
5, 769
List the prime factors of 20839.
7, 13, 229
List the prime factors of 850.
2, 5, 17
What are the prime factors of 16334?
2, 8167
What are the prime factors of 4621?
4621
List the prime factors of 5936.
2, 7, 53
List the prime factors of 16687.
11, 37, 41
What are the prime factors of 8633?
89, 97
List the prime factors of 8636.
2, 17, 127
List the prime factors of 19092.
2, 3, 37, 43
What are the prime factors of 1349?
19, 71
List the prime factors of 2950.
2, 5, 59
List the prime factors of 87887.
87887
List the prime factors of 9199.
9199
List the prime factors of 630.
2, 3, 5, 7
List the prime factors of 23596.
2, 17, 347
What are the prime factors of 32289?
3, 47, 229
What are the prime factors of 87513?
3, 31, 941
List the prime factors of 2952.
2, 3, 41
List the prime factors of 40.
2, 5
What are the prime factors of 12694?
2, 11, 577
What are the prime factors of 4